 List the prime factors of s.
37
List the prime factors of (36/8)/(2/2276).
3, 569
Suppose 18*k = 23*k + 5*z - 194495, -z = 2*k - 77798. List the prime factors of k.
7, 5557
Let b(l) = -109*l + 671. Let h(s) = 28*s - 168. Let g(p) = 2*b(p) + 9*h(p). List the prime factors of g(19).
2, 7, 17
Let m = 3580 - -19251. What are the prime factors of m?
17, 79
Let f(l) = 0*l**2 + 4 - 5 + 4*l**2 - 3*l. Let s be f(-2). What are the prime factors of 3 + 6/4 + s/6?
2
Suppose 0 = -21*h + 43*h - 403601 - 1359611. What are the prime factors of h?
2, 11, 3643
Suppose 0 = 23*t + 24*t - 468477 - 63939. List the prime factors of t.
2, 3, 59
Let d(s) be the first derivative of 127*s**3/3 + s**2 - 4*s + 132. List the prime factors of d(2).
2, 127
Let x(f) = 1858*f**2 + 77*f - 141. What are the prime factors of x(2)?
5, 1489
Suppose -g - 4*i + 11 = 1, 0 = 4*g + 4*i - 16. Suppose -4 + 63 = d + 5*y, g*d - 94 = -2*y. What are the prime factors of d?
2, 11
Let m = 18624 + -3467. List the prime factors of m.
23, 659
Let p(o) = 589*o - 4315. What are the prime factors of p(77)?
2, 17, 71
Suppose 130*a - 118509 = 126*a - 7*w, 2*a + 5*w = 59247. What are the prime factors of a?
2, 31, 239
Let h = 223 - 218. Suppose 3205 = 4*s - h*w, 5*w - 177 = -3*s + 2253. List the prime factors of s.
5, 7, 23
Suppose -i - 3*x = -2*i - 9, -5*x + 4 = 2*i. What are the prime factors of (-4 - i)*892*(-4)/8?
2, 223
Let v(l) = -l**2 - 17*l - 13. Let c be v(-16). Let h = c + 1. Suppose 0 = 5*z + h*j - 25 - 27, 12 = 4*j. List the prime factors of z.
2
Suppose 162 = 3*i + 24. Suppose -3*m = -77 - i. Suppose p - 28 = -2*c, -5*c = -2*c + p - m. List the prime factors of c.
13
List the prime factors of (-26)/(-416) + 1/((-128)/(-4243192)).
2, 3, 5, 13, 17
Let f = 773 - 734. Suppose -f*o + 24*o = -18240. What are the prime factors of o?
2, 19
Suppose 3*l + 29 = -2*j, 3*j - 4*l + 5 = -13. List the prime factors of (-1516)/(6 + j) - 3.
2, 47
Let u(t) = -45*t - 71. Let h(d) = d**2 - 9*d + 15. Let g be h(5). List the prime factors of u(g).
2, 7, 11
Suppose -4*r = -6*j + 42502 + 50512, -j = -4*r - 15509. What are the prime factors of j?
3, 5167
Let x(h) be the third derivative of -h**6/120 + 7*h**5/15 - 5*h**4/8 - 6*h**3 + 3*h**2 + 4*h. Let w = -19 + 46. What are the prime factors of x(w)?
2, 3
Suppose 64*b = 67*b + 9, 97848 = 3*c - 4*b. List the prime factors of c.
2, 31, 263
Suppose -s - 123 = -t, 0*s + t = 3*s + 369. Let g = s + 312. What are the prime factors of g?
3, 7
Let c = 14835 - 9990. Suppose -8*r + c = 7*r. List the prime factors of r.
17, 19
Let l(r) be the first derivative of -9*r**4/4 + r**2/2 + 18*r + 15. List the prime factors of l(-4).
2, 5, 59
Let d be (-8*(-3)/(-9))/(-4)*3. Suppose -3*x + 4 + 2 = 0. Suppose -5*o = x*w - 221, o - 69 = -d*w - 20. What are the prime factors of o?
43
Let w(s) = 25*s + 105. Let n be w(-4). Suppose n*o - 6754 = 291. What are the prime factors of o?
1409
Let u(d) = -d + 2. Let p be u(-3). Let r be (3/(p - 2))/(1/10). Suppose 2*l + 5*a = 163, 5*a - r*a = -3*l + 307. What are the prime factors of l?
2, 47
What are the prime factors of 5/(40/460027) + 205/328?
2, 3, 599
Suppose -4*v + 2261 = 4*s - 2723, 4*v + 3759 = 3*s. Let x = -484 + s. What are the prime factors of x?
3, 5, 17
Let g(c) = -1335*c - 119. What are the prime factors of g(-7)?
2, 7, 659
Suppose -7272 = 18*m - 24*m. What are the prime factors of m?
2, 3, 101
Suppose 13062 = -54*v + 33*v. Let g = 280 - v. List the prime factors of g.
2, 11, 41
Suppose 2*x + 2*w = 5*w + 64, 5*x = -4*w + 160. Let m = x - 17. Suppose -j = 2*j - m. What are the prime factors of j?
5
Let a(c) = -29*c + 6. Let f be a(-6). Let o = -20 + 44. Suppose 27*p - o*p - f = 0. List the prime factors of p.
2, 3, 5
Let y(i) = -i**3 - 8*i**2 + 12*i - 8. Let p = -69 - -56. Let m be y(p). Suppose -8*v + 143 = -m. List the prime factors of v.
103
Let a(u) = 13*u**2 + 20*u + 24. Let b(j) = -2*j**2 + 17*j - 38. Let y be b(6). List the prime factors of a(y).
2, 3, 29
Let l = 456 - 437. Suppose l*p + 2176 = 23*p. List the prime factors of p.
2, 17
Let r = -104 - -103. Let a(q) = 32*q**2 + 3*q + 2. What are the prime factors of a(r)?
31
Let b(q) = q**3 - 21*q**2 + 103*q - 369. What are the prime factors of b(28)?
53, 151
Suppose 0 = 12*k - 12385 - 31036 - 46027. List the prime factors of k.
2, 3727
List the prime factors of (1579 + 1)*((-6063)/(-210) + (-22)/308).
2, 3, 79
Let w = -162 - -169. Suppose -w*x + 2990 = 764. What are the prime factors of x?
2, 3, 53
Let o(g) = -g**3 + 20*g**2 + 140*g - 13. What are the prime factors of o(23)?
2, 3, 5
Suppose -3*n - 132 = -15*n. Suppose -921 = n*f - 4628. List the prime factors of f.
337
Let x = -80 - -78. Let g be ((-40)/60)/(x/(-9)). What are the prime factors of 3*(10/(-4))/(g/46)?
5, 23
Let s be (-3254)/(-2) + 25/((-30)/6). Let y = s - 829. What are the prime factors of y?
13, 61
List the prime factors of 14279 + -8*1/10*(-10)/(-4).
3, 4759
Let d(w) = -64*w**2 + 4*w - 3. Let k be d(1). Let a = -42 - k. Suppose -4*x - 128 = -4*c, c - 3*x - a = 19. What are the prime factors of c?
2, 7
List the prime factors of (-3)/(-5) + 10307/55 - 2.
2, 3, 31
Suppose -5*f + 8*g = 5*g - 58383, -4*g = -3*f + 35032. Suppose -47*s - f = -59*s. What are the prime factors of s?
7, 139
Let b(r) = 22*r + 8. Let v(o) = -24*o - 7. Let d(j) = -5*b(j) - 6*v(j). What are the prime factors of d(13)?
2, 3, 37
Suppose i + 3*c - 11 = -0*i, 5*i - 3*c = 19. Suppose -3*b = 67*m - 62*m - 3207, -i*m = -4*b + 4241. What are the prime factors of b?
2, 7, 19
Let p(s) = -2*s**3 + 4*s + 21 - 7*s**2 - 4*s**3 + 7*s**3 - 2*s. Let f be p(6). What are the prime factors of 122*12/4*f/(-6)?
3, 61
Let t = 12741 + -3103. List the prime factors of t.
2, 61, 79
Let r be ((-4)/8)/(-1)*30. Let g be (r/6)/((-1)/(-2)). Suppose 2*q - 164 = -0*j + 2*j, j + 418 = g*q. What are the prime factors of q?
2, 3, 7
Let r(k) = k**2 - 12*k + 25. Let d be r(11). Let g be ((-7)/(7/(-12)))/(-1). List the prime factors of (-3)/g + d/8.
2
Let x = -14797 - -23343. List the prime factors of x.
2, 4273
Suppose 6 = -l + 1. Let x(z) = -3*z**3 - 2*z**2 + 8*z + 11. Let h be x(l). Suppose -214 - h = -5*s. List the prime factors of s.
2, 3, 17
Suppose 4*d - 210036 = -6*l, -63*l = -67*l - 24. List the prime factors of d.
2, 3, 8753
Suppose 3*x + 2*l - 3 = 0, x + 11 = -5*l - 1. Let k = x + 44. Let u = k + 24. List the prime factors of u.
71
Let w = -1839 + 22598. What are the prime factors of w?
20759
Let v = 120764 + -83754. What are the prime factors of v?
2, 5, 3701
Suppose 2*i - 3*t + 11882 = 41394, 4*i = 2*t + 59024. What are the prime factors of i?
2, 7, 17, 31
Let t(s) = -2*s**2 - 20*s + 3. Let j be t(-10). Let h be (j + -3 + 4)*1. Suppose 4*k - 251 = 6*a - a, h*a + 118 = 2*k. What are the prime factors of k?
3, 23
Suppose -3*s = -1001 - 6637. Let g = s + -1529. What are the prime factors of g?
3, 113
Let p be (10 - -2)*(-6)/(-12). Suppose 3*v - 2*v = -4*r + 3, -2*r = 2*v - p. Suppose 5*z - 2*h = 744, r*z - 2*h - 144 = -z. What are the prime factors of z?
2, 3, 5
Let u(q) = q**3 + 2*q**2 + 32*q + 16. List the prime factors of u(27).
19, 61
Let l(j) be the second derivative of 7*j**4/6 - j**3/2 - 18*j**2 - 2*j + 9. What are the prime factors of l(6)?
2, 3, 5
Let v = 125 + 19. Let k = 286 + v. Suppose 3*t - k = -4*c - 45, -t = 3*c - 295. What are the prime factors of c?
2, 5
Let i = 52 + -49. Suppose i*f - 72 = -0*f. What are the prime factors of ((200/15)/((-2)/f))/(-1)?
2, 5
Let w = 305 + 6157. Let x be w/14 + (0 - (-6)/14). Suppose -d = -8*d + x. What are the prime factors of d?
2, 3, 11
Suppose 0 = 42*h - 371077 + 45073. List the prime factors of h.
2, 3881
Suppose 0 = -8*c - 5*c + 1404. Let s = c + -105. List the prime factors of s.
3
Let u(n) be the third derivative of -n**5/60 + n**4/12 + 3*n**3/2 + 8*n**2. Let g be u(-4). What are the prime factors of (-2)/g*-21*(2 + -7)?
2, 7
Let v = -8341 + 32380. What are the prime factors of v?
3, 2671
Let y(n) = -6*n + 10. Suppose -10 = 4*p - 30. Let t be y(p). Let r = 51 + t. List the prime factors of r.
31
Suppose 4*q = -622*w + 618*w + 291888, -3*w - 73008 = -q. List the prime factors of q.
3, 17, 53
Suppose 4*f + 2*j + 14 = 0, 0 = -4*f - 0*f + 3*j + 11. Let z be (5 + -3)/((-2)/(-82)) + f. Suppose 3*g = 93 + z. List the